common factor of b and 50?
10
Let j be ((-340)/2)/(((-20)/(-15))/(-2)). Let x be (-204)/j - (-48)/10. What is the highest common factor of x and 268?
4
Suppose f - 3*d = -0*d + 13, 3*f - d = 47. Suppose 0 = 3*s - 4*p + 2*p - f, 0 = -p - 2. What is the greatest common divisor of s and 56?
4
Let y = -8784 - -8858. Let f(o) = 2*o**2 + 4*o + 4. Let b be f(5). Calculate the greatest common divisor of b and y.
74
Let x = -2094 - -2484. Calculate the highest common divisor of x and 30.
30
Let o be ((-35)/(-28))/5*20. Suppose -o*j = 3*x - 2317, 16*x = -5*j + 21*x + 2325. What is the highest common factor of j and 29?
29
Suppose 486*q - 491 = 113*q + 10699. Let k(v) = -v. Let y be k(3). Let d be y/2 + 30/4. What is the highest common divisor of q and d?
6
Let o be 98/(-4)*1/((-12)/1176). What is the greatest common divisor of o and 49?
49
Let x be (47 + -51)/(8/(-58)) - -5. What is the greatest common divisor of x and 6086?
34
Suppose -11*t + 24 = -14*t. Let h be (12/t)/((-4)/8). Suppose 0 = -h*q + 85 + 41. What is the highest common divisor of q and 21?
21
Let n be 4/((-4)/1) - -3. Suppose -16*x + 17*x - n*p = 24, 2 = -p. Suppose -4*g + 127 = -113. What is the highest common factor of g and x?
20
Let r(p) = 4*p**3 + 18*p**2 - 30*p - 20. Let l be r(11). What is the highest common divisor of l and 48?
48
Suppose -24*n + 80 = -8*n. Suppose 6*g - 80 = n*g. Calculate the highest common divisor of 32 and g.
16
Let c = -10 + 16. Suppose -29*q + 33*q = 240. Suppose -10*h = -c*h - q. Calculate the highest common factor of h and 165.
15
Suppose -2965 - 1235 = -25*o. Suppose -5*d + 2538 = w + o, 5*d - 2380 = w. Calculate the highest common factor of 19 and d.
19
Let i be 3/((-63)/45 + 2). Suppose -i*f - 7*u + 476 = -11*u, -5*f - 5*u + 485 = 0. Calculate the greatest common divisor of 108 and f.
12
Let h(l) = -49*l + 7*l - 3*l. Suppose 6995 - 7047 = 52*i. Let b be h(i). Calculate the highest common factor of b and 135.
45
Suppose 0 = 15*w + 1263 + 1182. Let a = w + 115. Let n be (-12)/a*4*5. What is the highest common divisor of 25 and n?
5
Suppose 878 = -3*z - 5*u, -2*u = -4*u + 10. Let n = z - -573. Let q(j) = 3*j**2 + 6*j - 11. Let i be q(3). Calculate the greatest common divisor of i and n.
34
Let q(g) be the third derivative of -g**4/24 + 31*g**3/6 + 130*g**2. Let n be q(-18). Calculate the greatest common factor of 14 and n.
7
Let z(b) be the first derivative of 27*b**2/2 + 15*b + 48. Let m be z(1). Calculate the highest common factor of m and 28.
14
Let r(o) = 2*o - 66. Let f be r(48). What is the greatest common divisor of f and 955?
5
Let z(x) = 44*x**2 - 45*x - 98. Let p be z(-2). What is the highest common divisor of p and 49?
7
Let v(a) = 12*a + 55. Let m be v(-4). Let h be (-24)/(-14) + 1*2/m. Calculate the highest common divisor of 18 and h.
2
Let b = -261 - -263. Suppose 5*p - b*v + 0*v - 381 = 0, 5*v - 395 = -5*p. Calculate the highest common divisor of p and 66.
11
Let a = 414 - 325. Let s be (-13)/(-2)*(117 - a). Calculate the highest common factor of s and 56.
14
Let d be ((-244)/(-305) - (-33)/15)*92/6. Calculate the greatest common factor of 38134 and d.
46
Let x = -22 - -35. Let d = x + 61. Let t = 87 + -50. Calculate the greatest common factor of d and t.
37
Let d(y) = 4*y**3 - 3*y**2 - 2*y - 10. Let p be d(3). Suppose -1775 = -10*s - p. What is the highest common factor of s and 9?
9
Let h = 135 - 126. Suppose -1235 = -h*b + 709. Calculate the highest common divisor of 24 and b.
24
Let r be (29/2*400/75)/(14/2457). Calculate the highest common divisor of 36 and r.
36
Suppose 2*x = -3*w + 6945, -8*w + 6*w - 4*x + 4630 = 0. Calculate the highest common divisor of 10 and w.
5
Let x(k) = -105*k - 3258. Let n be x(-33). What is the greatest common divisor of 243 and n?
9
Let o = -4870 - -4898. What is the highest common factor of o and 3052?
28
Let x = -335 - -581. Let m = x - 237. Calculate the greatest common factor of 15 and m.
3
Suppose 1139*f = 1166*f - 679833. Calculate the greatest common divisor of f and 231.
231
Let i be (4 - 1) + (-8 + 5)*1. Suppose 35*k - 16*k - 2223 = i. Calculate the highest common divisor of k and 156.
39
Let w(l) = 4*l + 22. Let t be w(-6). Let y be 3/((-18)/(-40)) - t/6. Suppose 11*o - 14*o = -105. What is the greatest common divisor of y and o?
7
Let x(r) = -2*r + 2 - 9*r + 6*r + 2*r - 9*r. Let y be 6*(2 + 7/(-2)). Let l be x(y). Calculate the greatest common factor of l and 44.
22
Let f(h) = -9*h - 23. Let s be ((-56)/12)/(14/21). Let l be f(s). Calculate the highest common divisor of l and 70.
10
Let r(g) = g**2 + 13*g + 12. Let o be r(-12). Suppose o = -5*z + 4 - 34. Let y be ((12/4)/z)/(1/(-26)). What is the highest common factor of y and 13?
13
Let a = 8543 - 8419. Calculate the highest common factor of a and 5611.
31
Let s be (-2072)/1554 + (326/6)/1 + 1. Let y be (-2025)/6*(-5 + 1). What is the greatest common divisor of s and y?
54
Suppose b = -4*v + 489 - 75, b - 399 = -v. Calculate the highest common factor of b and 2.
2
Suppose 123*o - 149632 = -211*o. Calculate the greatest common factor of 259 and o.
7
Suppose -4*d - 3*d + 21 = 0. Suppose 7*w = d*w - 384. Let f be (-11)/((-330)/w)*(-10)/4. What is the greatest common divisor of f and 16?
8
Let i(c) = -179*c - 599. Let y be i(-5). Calculate the greatest common divisor of 28 and y.
4
Let v be (-1 + 725)*43/(-86). Let t = v - -376. Calculate the greatest common factor of t and 21.
7
Let n be (-3)/5 - (-277)/(-5). Suppose 4*r = 10*r - 360. Let g = r + n. Calculate the greatest common factor of 36 and g.
4
Let r(s) = -469*s + 14. Let z be r(-8). What is the greatest common factor of 14 and z?
14
Let o be 27/6*(-2)/(-3). Suppose -2*q - 318 = -4*d + q, -o*q = d - 72. Let p = d - 58. Calculate the greatest common factor of p and 4.
4
Let i be (-15)/(-3) - (4 - 0 - -1). Suppose 4*u - u + t - 43 = i, -5*u - 3*t + 69 = 0. Calculate the greatest common divisor of u and 120.
15
Let x(k) = -134*k - 2008. Let y be x(-37). Calculate the greatest common factor of y and 236.
118
Let m be 2*2/(-2)*1/(-2). Let t be -9 - (-3 + -4) - (-21 - m). Suppose -5*h + t = r, 2*r = 4*h - 3*r + 13. What is the highest common divisor of 33 and h?
3
Let i = 2938 + -1630. Calculate the greatest common divisor of i and 48.
12
Suppose 38*l + 2664 - 6426 = 0. Suppose 45 = 3*b - 3*k, k = 5*b - 3*k - 78. Calculate the highest common factor of l and b.
9
Let y be (716/5)/1 - 1020/(-1275). Calculate the greatest common factor of 32 and y.
16
Let q be (104/260)/((-1)/(-15)*3). Suppose 3 = 2*t - 5. Suppose t*v - 406 = -2*b, -q*b + 2*v + 370 = -3*v. What is the highest common divisor of 15 and b?
15
Let d = 15339 + -14470. What is the greatest common factor of 2923 and d?
79
Let o(d) = 5*d**3 - 6*d**2 + 28*d + 52. Let m be o(9). Suppose w + 4*t = 4*w - m, -w + 1151 = -3*t. What is the greatest common divisor of w and 13?
13
Let g = -1018 - -647. Let o be 6/4*(g/(-21) + 1). What is the greatest common divisor of o and 21?
7
Let q(m) = -2*m**3 + 8*m**2 - 3*m + 1. Suppose 14 = -8*f - 10. Let a be q(f). Calculate the greatest common factor of a and 17.
17
Let i(w) = 2*w + 18. Let l be (-21)/(-56) + (-58)/(-16). Let j be i(l). What is the greatest common divisor of j and 325?
13
Let n be (-10 - -40)*(-4)/(-10). Suppose -16*q = -n*q - 28. Suppose q*p - 1410 = 480. Calculate the highest common factor of 30 and p.
30
Let y(v) = v**3 + 8*v**2 - 5*v + 10. Let z be y(-7). Let a = -15339 - -15668. Calculate the greatest common factor of a and z.
47
Suppose -4*a + 249*r = 247*r - 72, 0 = -2*a - 5*r + 60. What is the greatest common divisor of 356 and a?
4
Suppose 7*b + 5 = 2*b, -3*b + 5 = 2*v. Suppose -5*q - 57 = -v*t, -2*q - 56 - 10 = -4*t. What is the highest common divisor of 117 and t?
9
Let y be 5464/7 - (-132)/(-231). What is the highest common divisor of 36 and y?
12
Let u(f) = 2*f**3 + 21*f**2 + 3*f + 17. Let s = -583 + 573. Let b be u(s). What is the highest common factor of 3 and b?
3
Suppose 0 = x - 4*x + 12. Suppose x*k - 5*c - 56 = 6, 4*c = k - 10. Let a = 1132 + -1060. What is the greatest common factor of a and k?
18
Let h(c) = -c**2 - 17*c - 85. Let b be h(-9). Let k(l) = l**3 + l**2 + 2*l. Let a be k(-3). Let o = b - a. Calculate the greatest common factor of o and 132.
11
Let f be ((